.
6
What is the remainder when 512 is divided by 23?
6
Calculate the remainder when 480 is divided by 83.
65
Calculate the remainder when 82 is divided by 12.
10
Calculate the remainder when 1102 is divided by 13.
10
What is the remainder when 801 is divided by 65?
21
What is the remainder when 87 is divided by 21?
3
Calculate the remainder when 193 is divided by 28.
25
Calculate the remainder when 243 is divided by 49.
47
Calculate the remainder when 347 is divided by 71.
63
Calculate the remainder when 1569 is divided by 31.
19
Calculate the remainder when 249 is divided by 43.
34
What is the remainder when 1329 is divided by 661?
7
What is the remainder when 280 is divided by 86?
22
What is the remainder when 890 is divided by 146?
14
Calculate the remainder when 115 is divided by 107.
8
What is the remainder when 84 is divided by 15?
9
What is the remainder when 63 is divided by 13?
11
Calculate the remainder when 484 is divided by 53.
7
Calculate the remainder when 425 is divided by 139.
8
What is the remainder when 293 is divided by 7?
6
Calculate the remainder when 61 is divided by 21.
19
Calculate the remainder when 1164 is divided by 13.
7
Calculate the remainder when 715 is divided by 353.
9
What is the remainder when 11 is divided by 1?
0
What is the remainder when 204 is divided by 15?
9
What is the remainder when 4822 is divided by 142?
136
What is the remainder when 426 is divided by 43?
39
What is the remainder when 6722 is divided by 81?
80
What is the remainder when 2105 is divided by 2096?
9
What is the remainder when 265 is divided by 131?
3
Calculate the remainder when 82 is divided by 14.
12
What is the remainder when 600 is divided by 579?
21
What is the remainder when 738 is divided by 20?
18
Calculate the remainder when 3701 is divided by 12.
5
What is the remainder when 111 is divided by 18?
3
Calculate the remainder when 3288 is divided by 143.
142
What is the remainder when 107 is divided by 37?
33
Calculate the remainder when 468 is divided by 65.
13
Calculate the remainder when 1940 is divided by 81.
77
What is the remainder when 668 is divided by 14?
10
What is the remainder when 92 is divided by 48?
44
Calculate the remainder when 292 is divided by 67.
24
Calculate the remainder when 168 is divided by 34.
32
What is the remainder when 1519 is divided by 39?
37
Calculate the remainder when 21 is divided by 10.
1
Calculate the remainder when 181 is divided by 23.
20
Calculate the remainder when 163 is divided by 44.
31
What is the remainder when 40 is divided by 23?
17
What is the remainder when 664 is divided by 53?
28
What is the remainder when 4294 is divided by 3?
1
Calculate the remainder when 120 is divided by 41.
38
What is the remainder when 171 is divided by 158?
13
Calculate the remainder when 2343 is divided by 56.
47
Calculate the remainder when 629 is divided by 45.
44
What is the remainder when 627 is divided by 79?
74
Calculate the remainder when 584 is divided by 17.
6
What is the remainder when 3663 is divided by 26?
23
Calculate the remainder when 160 is divided by 11.
6
Calculate the remainder when 80 is divided by 26.
2
What is the remainder when 615 is divided by 14?
13
Calculate the remainder when 6546 is divided by 91.
85
What is the remainder when 145 is divided by 37?
34
What is the remainder when 11 is divided by 10?
1
What is the remainder when 162 is divided by 4?
2
What is the remainder when 878 is divided by 61?
24
What is the remainder when 118 is divided by 20?
18
Calculate the remainder when 1345 is divided by 45.
40
What is the remainder when 17 is divided by 4?
1
Calculate the remainder when 2495 is divided by 64.
63
What is the remainder when 1978 is divided by 32?
26
Calculate the remainder when 76 is divided by 27.
22
Calculate the remainder when 4753 is divided by 29.
26
What is the remainder when 115 is divided by 31?
22
Calculate the remainder when 1388 is divided by 277.
3
What is the remainder when 139 is divided by 5?
4
Calculate the remainder when 2151 is divided by 216.
207
Calculate the remainder when 1049 is divided by 20.
9
What is the remainder when 216 is divided by 182?
34
Calculate the remainder when 6391 is divided by 23.
20
What is the remainder when 321 is divided by 14?
13
Calculate the remainder when 2971 is divided by 86.
47
What is the remainder when 363 is divided by 37?
30
What is the remainder when 1196 is divided by 202?
186
What is the remainder when 332 is divided by 8?
4
Calculate the remainder when 138 is divided by 12.
6
Calculate the remainder when 156 is divided by 68.
20
Calculate the remainder when 59 is divided by 20.
19
What is the remainder when 1132 is divided by 204?
112
What is the remainder when 117 is divided by 38?
3
What is the remainder when 1180 is divided by 48?
28
What is the remainder when 50 is divided by 40?
10
Calculate the remainder when 15608 is divided by 363.
362
What is the remainder when 5753 is divided by 303?
299
Calculate the remainder when 33 is divided by 17.
16
Calculate the remainder when 716 is divided by 56.
44
What is the remainder when 2436 is divided by 106?
104
Calculate the remainder when 302 is divided by 14.
8
What is the remainder when 35 is divided by 19?
16
What is the remainder when 603 is divided by 199?
6
Calculate the remainder when 298 is divided by 134.
30
Calculate the remainder when 10006 is divided by 36.
34
What is the remainder when 650 is divided by 19?
4
What is the remainder when 116 is divided by 20?
16
Calculate the remainder when 185 is divided by 12.
5
Calculate the remainder when 2197 is divided by 26.
13
Calculate the remainder when 17181 is divided by 48.
45
What is the remainder when 759 is divided by 61?
27
What is the remainder when 256 is divided by 71?
43
What is the remainder when 348 is divided by 30?
18
Calculate the remainder when 18 is divided by 3.
0
Calculate the remainder when 14143 is divided by 4.
3
Calculate the remainder when 89 is divided by 25.
14
What is the remainder when 2026 is divided by 146?
128
Calculate the remainder when 430 is divided by 29.
24
Calculate the remainder when 1178 is divided by 91.
86
Calculate the remainder when 1924 is divided by 639.
7
Calculate the remainder when 76 is divided by 35.
6
Calculate the remainder when 28 is divided by 27.
1
Calculate the remainder when 3646 is divided by 166.
160
What is the remainder when 1098 is divided by 50?
48
Calculate the remainder when 1667 is divided by 22.
17
What is the remainder when 107 is divided by 12?
11
Calculate the remainder when 71 is divided by 40.
31
Calculate the remainder when 74 is divided by 11.
8
What is the remainder when 90 is divided by 52?
38
What is the remainder when 2028 is divided by 41?
19
Calculate the remainder when 97 is divided by 55.
42
Calculate the remainder when 206 is divided by 18.
8
Calculate the remainder when 1236 is divided by 7.
4
Calculate the remainder when 163 is divided by 49.
16
Calculate the remainder when 469 is divided by 24.
13
What is the remainder when 913 is divided by 17?
12
What is the remainder when 204 is divided by 24?
12
What is the remainder when 1220 is divided by 18?
14
What is the remainder when 167 is divided by 81?
5
What is the remainder when 132 is divided by 23?
17
What is the remainder when 298 is divided by 69?
22
What is the remainder when 25 is divided by 12?
1
What is the remainder when 1957 is divided by 70?
67
What is the remainder when 14 is divided by 8?
6
Calculate the remainder when 128 is divided by 10.
8
Calculate the remainder when 3935 is divided by 98.
15
What is the remainder when 172 is divided by 12?
4
What is the remainder when 135 is divided by 128?
7
What is the remainder when 1486 is divided by 18?
10
Calculate the remainder when 134 is divided by 43.
5
What is the remainder when 2329 is divided by 28?
5
Calculate the remainder when 196 is divided by 36.
16
What is the remainder when 13667 is divided by 217?
213
Calculate the remainder when 4445 is divided by 16.
13
Calculate the remainder when 108 is divided by 38.
32
Calculate the remainder when 178 is divided by 5.
3
Calculate the remainder when 168 is divided by 161.
7
Calculate the remainder when 314 is divided by 21.
20
What is the remainder whe